{"id":991,"date":"2022-01-02T10:43:56","date_gmt":"2022-01-02T10:43:56","guid":{"rendered":"http:\/\/www.e-jrom.com\/tienda\/?post_type=product&#038;p=991"},"modified":"2022-01-12T21:12:57","modified_gmt":"2022-01-12T21:12:57","slug":"curso-de-gestion-de-carteras","status":"publish","type":"product","link":"http:\/\/www.e-jrom.com\/tienda\/producto\/curso-de-gestion-de-carteras\/","title":{"rendered":"CURSO DE GESTI\u00d3N DE CARTERAS"},"content":{"rendered":"<p><strong><span style=\"color: #800000;\">FINALIDAD:<\/span><\/strong> Curso completo que te permitir\u00e1 conocer el significado, calcular y usar las medidas estad\u00edsticas b\u00e1sicas, as\u00ed como diferenciar entre la gesti\u00f3n activa y la gesti\u00f3n pasiva y otros aspectos sobre las pol\u00edticas de inversi\u00f3n.<\/p>\n<p><strong><span style=\"color: #800000;\">DURACI\u00d3N ESTIMADA:<\/span><\/strong> 4 meses.<\/p>\n<h3 style=\"text-align: center;\"><span style=\"color: #3366ff;\">TEMARIO<\/span><\/h3>\n<h5 style=\"padding-left: 40px;\">I. ESTAD\u00cdSTICA PARA LA GESTI\u00d3N DE CARTERAS<\/h5>\n<h5 style=\"padding-left: 40px;\">II. TEOR\u00cdA DE CARTERAS<\/h5>\n<h5 style=\"padding-left: 40px;\">III. POL\u00cdTICA DE INVERSI\u00d3N Y ASIGNACI\u00d3N DE ACTIVOS<\/h5>\n<h5 style=\"padding-left: 40px;\">IV. MEDICI\u00d3N Y ATRIBUCI\u00d3N DE RESULTADOS.<\/h5>\n<p>&nbsp;<\/p>\n","protected":false},"excerpt":{"rendered":"<p>A trav\u00e9s de este curso te introducir\u00e1s en la gesti\u00f3n de carteras de inversi\u00f3n con la finalidad de aprender a invertir por tu propia cuenta y riesgo tus recursos financieros.<\/p>\n<p><strong><span style=\"color: #ff0000;\">PROMOCI\u00d3N ESPECIAL:<\/span><span style=\"color: #000000;\">\u00a0<\/span><\/strong><span style=\"color: #339966;\"><span style=\"color: #000000;\"><strong><span style=\"color: #ff0000;\">Descuento de 150\u20ac<\/span><\/strong> <span style=\"color: #333333;\">hasta el 30 de junio de 2022<\/span><\/span><span style=\"color: #333333;\">.\u00a0<\/span><\/span><span style=\"color: #333333;\">C\u00f3digo promoci\u00f3n:\u00a0<\/span>CD7HSW3U.<\/p>\n","protected":false},"featured_media":992,"comment_status":"open","ping_status":"closed","template":"","meta":{"spay_email":""},"product_cat":[67,68],"product_tag":[77,76,74,75,78,79],"class_list":["post-991","product","type-product","status-publish","has-post-thumbnail","hentry","product_cat-finanzas","product_cat-renta_fija_y_renta_variable","product_tag-bolsa","product_tag-finanzas","product_tag-gestion-de-carteras","product_tag-inversion","product_tag-renta-fija","product_tag-renta-variable"],"_links":{"self":[{"href":"http:\/\/www.e-jrom.com\/tienda\/wp-json\/wp\/v2\/product\/991","targetHints":{"allow":["GET"]}}],"collection":[{"href":"http:\/\/www.e-jrom.com\/tienda\/wp-json\/wp\/v2\/product"}],"about":[{"href":"http:\/\/www.e-jrom.com\/tienda\/wp-json\/wp\/v2\/types\/product"}],"replies":[{"embeddable":true,"href":"http:\/\/www.e-jrom.com\/tienda\/wp-json\/wp\/v2\/comments?post=991"}],"wp:featuredmedia":[{"embeddable":true,"href":"http:\/\/www.e-jrom.com\/tienda\/wp-json\/wp\/v2\/media\/992"}],"wp:attachment":[{"href":"http:\/\/www.e-jrom.com\/tienda\/wp-json\/wp\/v2\/media?parent=991"}],"wp:term":[{"taxonomy":"product_cat","embeddable":true,"href":"http:\/\/www.e-jrom.com\/tienda\/wp-json\/wp\/v2\/product_cat?post=991"},{"taxonomy":"product_tag","embeddable":true,"href":"http:\/\/www.e-jrom.com\/tienda\/wp-json\/wp\/v2\/product_tag?post=991"}],"curies":[{"name":"wp","href":"https:\/\/api.w.org\/{rel}","templated":true}]}}