{"id":1299,"date":"2022-01-08T22:13:44","date_gmt":"2022-01-08T22:13:44","guid":{"rendered":"http:\/\/www.e-jrom.com\/tienda\/?post_type=product&#038;p=1299"},"modified":"2022-01-09T15:41:20","modified_gmt":"2022-01-09T15:41:20","slug":"curso-de-planificacion-financiera","status":"publish","type":"product","link":"http:\/\/www.e-jrom.com\/tienda\/producto\/curso-de-planificacion-financiera\/","title":{"rendered":"CURSO DE PLANIFICACI\u00d3N FINANCIERA"},"content":{"rendered":"<p><span style=\"color: #800000;\"><strong>FINALIDAD<\/strong><\/span>: A trav\u00e9s de este curso podr\u00e1s cononcer\u00e1s la operativa de los derivados financieros, c\u00f3mo invertir directamente en ellos con finalidades especulativas o como utilizar este producto con finalidades de cobertura de otros contratos.<\/p>\n<p><span style=\"color: #800000;\"><strong>DURACI\u00d3N ESTIMADA DEL CURSO<\/strong><\/span>: 3 meses.<\/p>\n<h3 style=\"text-align: center;\"><span style=\"color: #0000ff;\"><strong>TEMARIO<\/strong><\/span><\/h3>\n<p>I. PR\u00c1CTICA DE ASIGNACI\u00d3N Y SEGUIMIENTO DE CARTERAS<\/p>\n<p>II. GESTION PATRIMONIAL A TRAV\u00c9S DE LA PLANIFICACI\u00d3N FINANCIERA PERSONAL<\/p>\n<p>III. PLANIFICACI\u00d3N DE LA JUBILACI\u00d3N: OBJETIVOS FINANCIEROS Y PRESUPUESTO<\/p>\n<p>IV. ESTRATEGIAS PARA LA PLANIFICACI\u00d3N DE LAJUBILACI\u00d3N. SELECCI\u00d3N DE PRODUCTOS Y OPCIONES DE REEMBOLSO.<\/p>\n<p>V. ETICA EN EL ASESORAMIENTO FINANCIERO<\/p>\n","protected":false},"excerpt":{"rendered":"<p>Curso especialmente dirigido para todas aquellas personas que realizan asesoramiento patrimonial y fiscal, como gestores administrativos, asesores patrimoniales, gestores comerciales de bancos, compa\u00f1\u00edas de seguros y sociedades y agencias de inversi\u00f3n.<\/p>\n","protected":false},"featured_media":1304,"comment_status":"open","ping_status":"closed","template":"","meta":{"spay_email":""},"product_cat":[67,96],"product_tag":[102,76,103,104],"class_list":["post-1299","product","type-product","status-publish","has-post-thumbnail","hentry","product_cat-finanzas","product_cat-planificacion-financiera","product_tag-ahorro","product_tag-finanzas","product_tag-planificacion-financiera","product_tag-prevision-vejez"],"_links":{"self":[{"href":"http:\/\/www.e-jrom.com\/tienda\/wp-json\/wp\/v2\/product\/1299","targetHints":{"allow":["GET"]}}],"collection":[{"href":"http:\/\/www.e-jrom.com\/tienda\/wp-json\/wp\/v2\/product"}],"about":[{"href":"http:\/\/www.e-jrom.com\/tienda\/wp-json\/wp\/v2\/types\/product"}],"replies":[{"embeddable":true,"href":"http:\/\/www.e-jrom.com\/tienda\/wp-json\/wp\/v2\/comments?post=1299"}],"wp:featuredmedia":[{"embeddable":true,"href":"http:\/\/www.e-jrom.com\/tienda\/wp-json\/wp\/v2\/media\/1304"}],"wp:attachment":[{"href":"http:\/\/www.e-jrom.com\/tienda\/wp-json\/wp\/v2\/media?parent=1299"}],"wp:term":[{"taxonomy":"product_cat","embeddable":true,"href":"http:\/\/www.e-jrom.com\/tienda\/wp-json\/wp\/v2\/product_cat?post=1299"},{"taxonomy":"product_tag","embeddable":true,"href":"http:\/\/www.e-jrom.com\/tienda\/wp-json\/wp\/v2\/product_tag?post=1299"}],"curies":[{"name":"wp","href":"https:\/\/api.w.org\/{rel}","templated":true}]}}